e 6.
-22545112
Convert 34401220 (base 5) to base 12.
12b188
Convert 3e748 (base 15) to base 2.
110001000001000000
What is -57177 (base 12) in base 9?
-186121
Convert -c8793 (base 15) to base 12.
-268219
Convert -2028322 (base 9) to base 13.
-2bb6c5
Convert 1026741 (base 10) to base 5.
230323431
-26ba5e (base 15) to base 13
-502670
What is 11408 (base 11) in base 4?
10001100
What is 1101002002001 (base 3) in base 6?
23350344
Convert -4150401 (base 9) to base 4.
-20131133113
Convert 4234667 (base 11) to base 2.
11100011100111001011000
Convert 123027 (base 15) to base 4.
3110212003
Convert 28b51b (base 14) to base 8.
5312025
Convert -51cb6 (base 16) to base 12.
-141a72
-3670934 (base 12) to base 14
-159c076
Convert -44068a (base 11) to base 8.
-2536150
What is -2b648a (base 12) in base 13?
-1ca4a9
What is 34301433 (base 5) in base 6?
10322541
2a2135 (base 12) to base 3
1100000002212
Convert 503071 (base 9) to base 13.
a5544
214647 (base 10) to base 6
4333423
What is 27111024 (base 8) in base 5?
3023113313
Convert 1331849 (base 10) to base 4.
11011022021
What is 3479ce (base 16) in base 10?
3439054
Convert 1324240232 (base 5) to base 14.
633ad1
What is -952bfa (base 16) in base 15?
-cd1967
What is 1a0b05 (base 13) in base 6?
22041503
What is -2010020201 (base 4) in base 3?
-1000111102002
Convert -26af5e (base 16) to base 6.
-130201154
-8936756 (base 10) to base 13
-1b0b92a
What is 2211032020 (base 4) in base 10?
676744
Convert 85655 (base 9) to base 2.
1101110101011101
What is -33553240 (base 7) in base 6?
-142334031
Convert a9c80 (base 13) to base 11.
1a004a
Convert -5222600 (base 7) to base 9.
-1155858
What is -852002 (base 13) in base 6?
-150453025
What is b04943 (base 12) in base 13?
751806
Convert 64237 (base 9) to base 6.
524354
What is 315302451 (base 6) in base 16?
55153f
Convert 1073676 (base 10) to base 3.
2000112210210
Convert 1512544 (base 6) to base 3.
11102222201
What is -c4b2b (base 13) in base 4?
-1112102020
What is -3043443023 (base 5) in base 8?
-27620032
What is -1000112131303 (base 4) in base 10?
-16869235
Convert -123300022 (base 4) to base 14.
-2d5d8
What is 433b57 (base 15) in base 3?
20000200101201
-a5b3 (base 13) to base 11
-16284
What is 23528282 (base 9) in base 5?
10414142241
What is 221330223 (base 5) in base 12?
3a615a
-275b5e (base 16) to base 13
-6c4013
-112330112 (base 4) to base 6
-2003022
Convert 323a3 (base 11) to base 12.
23299
1877752 (base 10) to base 4
13022123320
Convert -3502767 (base 9) to base 8.
-7156506
Convert -33755300 (base 8) to base 11.
-4157568
-47948 (base 15) to base 2
-110111101101111010
What is 1b88ca (base 16) in base 3?
10101200021222
Convert 16030153 (base 7) to base 16.
1772d7
Convert 43301a (base 11) to base 16.
a8fad
-74a46 (base 14) to base 6
-10013050
What is -69932 (base 11) in base 3?
-12010110212
What is 4bc2d4 (base 14) in base 2?
1001111100100100010010
Convert -8b1c19 (base 13) to base 16.
-322eba
What is -242047 (base 12) in base 4?
-2032212313
Convert -43d96b (base 14) to base 7.
-25404264
What is -33670 (base 16) in base 11?
-134204
-1233030031 (base 4) to base 10
-455437
92929c (base 14) to base 5
2231124344
Convert -19b841 (base 14) to base 3.
-1201111122212
-828292 (base 10) to base 16
-ca384
What is 41848 (base 12) in base 15?
1a6a5
Convert 11130233 (base 5) to base 2.
11000001000000010
Convert -d7c7a8 (base 14) to base 15.
-991782
What is 4221321 (base 7) in base 8?
1743115
Convert -3591 (base 14) to base 8.
-22173
Convert 43505232 (base 7) to base 4.
32033113332
What is -46325063 (base 7) in base 15?
-55214e
-1341143 (base 5) to base 3
-1101221221
What is -633ec (base 15) in base 9?
-528706
What is 3443031 (base 8) in base 16?
e4619
-1313868 (base 9) to base 13
-1c1aa4
Convert -100233414 (base 5) to base 15.
-7d459
What is 11011100001101011000100 (base 2) in base 14?
d5b952
676609 (base 13) to base 10
2441890
What is 10132364 (base 7) in base 2?
11001111001000110000
Convert -3989 (base 10) to base 11.
-2aa7
Convert -46304553 (base 7) to base 16.
-3dd4ae
Convert -928d9 (base 14) to base 9.
-587182
Convert 1111000000110000110010 (base 2) to base 12.
1399442
Convert 19832a8 (base 12) to base 9.
11135212
Convert -121326 (base 9) to base 12.
-36413
What is -1303133242 (base 5) in base 3?
-12222102110121
416060 (base 7) to base 15
163be
50145a (base 13) to base 9
3443564
4657654 (base 9) to base 11
1470207
Convert -30243 (base 7) to base 14.
-295a
What is 10202333 (base 5) in base 8?
245356
Convert -408786 (base 10) to base 3.
-202202202020
1002000303 (base 4) to base 11
175167
Convert -201012002211 (base 3) to base 13.
-102bb9
Convert 34238 (base 14) to base 13.
45867
Convert 203020110 (base 4) to base 6.
3030100
-5302225 (base 6) to base 7
-2120435
Convert -12289d (base 15) to base 3.
-1122011111011
19545 (base 14) to base 12
31161
-3355124 (base 6) to base 5
-20432113
What is -100121112100 (base 3) in base 10?
-189198
23188 (base 14) to base 8
246604
What is 1101011010011000100010 (base 2) in base 3?
20121121221221
What is -11010202121 (base 3) in base 9?
-133677
What is 2034141 (base 10) in base 12?
8211b9
-517315 (base 8) to base 3
-22201120012
Convert 24664016 (base 7) to base 3.
11012111220102
593531 (base 14) to base 4
23213030113
What is -212110323 (base 4) in base 16?
-2653b
What is -3075510 (base 9) in base 7?
-16655622
What is 22a25 (base 14) in base 7?
500545
What is 79a89 (base 11) in base 7?
661350
What is -405855 (base 11) in base 2?
-10011111001001101111
What is 1111100101110100 (base 2) in base 7?
354116
What is -31524654 (base 8) in base 9?
-13584205
Convert 9696c (base 15) to base 2.
1110100101100110010
-2fc9b7 (base 16) to base 14
-5b74a3
Convert -2b5b916 (base 12) to base 8.
-41544142
Convert 5645722 (base 8) to base 15.
202578
286857 (base 9) to base 2
101010111000101100
What is 1127e (base 16) in base 7?
411604
-21012012200 (base 3) to base 11
-97409
What is 12443242 (base 5) in base 6?
2401514
What is 4b7f5 (base 16) in base 4?
1023133311
-210211121122 (base 3) to base 12
-1888b2
Convert -2124340 (base 6) to base 10.
-104676
Convert 592710 (base 15) to base 11.
2450261
Convert 22222200121 (base 3) to base 2.
101011001100011000
3532504 (base 6) to base 15
394d7
Convert bbdc8 (base 16) to base 13.
20c31a
What is 83039 (base 15) in base 2?
1100101010111001011
What is -1002110220310 (base 4) in base 11?
-98a5428
What is -11110111000010000111011 (base 2) in base 14?
-1109dc7
What is -434371 (base 8) in base 11?
-9a486
Convert -24303303 (base 8) to base 13.
-1150bb6
What is 4520445 (base 6) in base 3?
102121010102
What is 10011022210202 (base 3) in base 4?
12122001302
-101011011000001101010 (base 2) to base 8
-5330152
17c1c40 (base 13) to base 8
35515305
Convert -22011121011020 (base 3) to base 9.
-8147136
Convert -1001001010100000000000 (base 2) to base 14.
-467692
Convert -c4465 (base 13) to base 12.
-14ba47
Convert -4179a0 (base 13) to base 15.
-20385d
-342a2a (base 13) to base 14
-241b23
Convert 1502321 (base 6) to base 15.
1a794
What is 349b579 (base 12) in base 14?
14c6749
Convert -11010000111101111 (base 2) to base 14.
-2adc3
Convert -1006511 (base 7) to base 10.
-119960
2423431 (base 6) to base 16
1f34b
What is -575399 (base 10) in base 4?
-2030132213
Convert -10001011000110010 (base 2) to base 16.
-11632
What is -11100100100011001010 (base 2) in base 10?
-936138
Convert -2157944 (base 13) to base 8.
-46663740
-17898 (base 10) to base 14
-6746
3323013132 (base 4) to base 7
11512521
Convert -1076708 (base 9) to base 6.
-20251525
What is 476570 (base 12) in base 3?
2011111202210
4438e (base 15) to base 8
647351
Convert -11959 (base 13) to base 3.
-1122101021
Convert -2152200 (base 6) to base 7.
-630036
-2dfce4 (base 16) to base 4
-23133303210
-1100000110100010111101 (base 2) to base 15
-42a02b
-1940650 (base 11) to base 2
-1100100000110111101101
2024314 (base 5) to base 6
413100
What is -101011212 (base 4) in base 3?
-10120000020
-31891 (base 13) to base 16
-15d06
10000010101101111101 (base 2) to base 3
1000012110102
-2407a (base 12) to base 5
-3022403
Convert -222322212312 (base 4) to base 13.
-243b886
Convert 110000212000 (base 3) to base 15.
4a27c
What is -10210001112 (base 3) in base 8?
-221237
613a949 (base 11) to base 13
232b006
Convert 7800